*a + 12, -u - 26 = 5*a. What is the tens digit of n(u)?
3
Let w = 13829 - 8240. What is the thousands digit of w?
5
Let d(h) = -14*h - 8. Let i be d(-5). Suppose 3*n + 0*f = -5*f + 69, 2*n = 2*f + i. What is the units digit of n?
8
Suppose 0 = -7*k + 527 - 786. What is the tens digit of (-40 - k)/((-1)/79)?
3
Suppose 5*u - 40235 = -u + 21751. What is the ten thousands digit of u?
1
Suppose 4*l - 24 = 4*h, 0*h + 3*h - 6 = -3*l. Suppose l*w = w - 24. What is the units digit of ((-18)/(-4))/((-4)/w)?
9
Let g(k) = k**2 + 21*k - 6. Let p = 76 + -76. Suppose -4*h + 2*u - 92 = p, 4*h - 7*u + 86 = -2*u. What is the units digit of g(h)?
6
Let d = -2 - -6. Suppose k - 5 - 8 = -2*p, 4*p = -5*k + 41. Let l = p + d. What is the units digit of l?
8
Suppose 6*o - 8 = -20. What is the hundreds digit of (-2*(-36)/(-30) - o)*-300?
1
Suppose 5*b - 1360 = -2*n, -b = b + n - 544. Let i = 142 - b. Let r = i - -298. What is the units digit of r?
8
Let a = 15024 + -4450. What is the units digit of a?
4
Suppose 2*x = -x + 5*f + 1299, 4*f - 844 = -2*x. Suppose -3*w = 155 - x. What is the units digit of w?
1
Suppose -115*i + 112*i = -125280. What is the thousands digit of i?
1
Suppose 0 = -4*z + 9*z - 2*o - 130, 0 = 3*z - 2*o - 82. Suppose -22*p - z = -25*p. Let s(g) = 6*g - 8. What is the units digit of s(p)?
0
Suppose q + 5*n - 17088 = 0, -120*q = -121*q - 3*n + 17076. What is the ten thousands digit of q?
1
Let i(r) = 335*r - 958. What is the units digit of i(9)?
7
Let z be ((-26)/4)/(4/(-209 + -7)). What is the units digit of (-1900)/(-18) - (-156)/z?
6
Let i(c) = 197*c**2 + 26*c - 173. What is the thousands digit of i(6)?
7
Suppose 5*w + 67 = 42, -2*w + 3915 = 5*u. What is the hundreds digit of u?
7
Let n = -488 - -488. Suppose -3*s + 774 = -3*d + 4*d, n = 3*d. What is the units digit of s?
8
Let g be 3/(-6)*(3 + (-6 - 3)). Suppose 2526 = -o + 3*o - 3*p, 0 = g*o + p - 3800. What is the hundreds digit of o?
2
Let h = -199 - -208. Suppose -8*v = -h*v, -4*a - 5*v + 1940 = 0. What is the units digit of a?
5
Suppose 383*j + 8660 = 373*j. Let p = j - -1418. What is the hundreds digit of p?
5
Let a(c) = 2*c + 4 - 18 - 26. Let d be a(18). Let l(r) = -10*r + 10. What is the units digit of l(d)?
0
Suppose 3*s - 1116 = -3*o, 5*o + 666 = -3*s + 1774. What is the tens digit of s?
7
Let p = 18 - 31. Let s = 64 + p. Let r = s + -36. What is the units digit of r?
5
What is the units digit of (-29982 + -4)/(-11) + 0?
6
Let t be 0/(2 + -2 + -2). Suppose 0 = -4*w, -4*f + t*f + 3*w - 2788 = 0. Let z = -418 - f. What is the units digit of z?
9
Let r be (15 + -7)*(-1)/(-2). Let g be 5 + 5*20/25 + -4. Suppose 4*d = l - 28, g*l - 3*l + r*d - 80 = 0. What is the tens digit of l?
3
Let u = -62406 - -108690. What is the units digit of u?
4
Let m = 5 + -1. Suppose 36 = 330*x - 318*x. Suppose -37 = -p - x*v, -7*p + 3*v + 123 = -m*p. What is the units digit of p?
0
What is the tens digit of 2/((-10)/(-2837)) + 110/(-275)?
6
Let l(a) = a**3 - 18*a**2 - 74*a - 3. Suppose 0 = k - 3, -k = -2*b + 37 + 6. What is the tens digit of l(b)?
4
Let c(w) = -w**2 + 8*w - 2. Let u be c(7). Suppose q + 279 = 3*i, -4*q = u*i - 0*i - 482. Suppose -3*a + 5*a = i. What is the units digit of a?
7
Suppose 0 = -33*t + 7081 + 313976. What is the thousands digit of t?
9
Suppose -22*i + 12*i = -16100. Let r = 2346 - i. What is the units digit of r?
6
Suppose 4*o + 0*o - 55 = 5*w, -w + 5 = 0. Suppose 25*n = o*n + 3480. What is the units digit of n?
6
Let z(t) = 19*t**3 - 11*t**2 + 14*t - 6. Let q(s) = -18*s**3 + 10*s**2 - 13*s + 7. Let k(p) = -6*q(p) - 5*z(p). What is the hundreds digit of k(3)?
3
Let s(q) be the third derivative of q**4/24 + 113*q**3/6 + 123*q**2. Suppose 3 = -3*a, 0 = 3*i + 2*a + 4 - 2. What is the hundreds digit of s(i)?
1
Let z = -198 + 118. Let h be (18/12)/(6/z). Let l(x) = -9*x + 48. What is the units digit of l(h)?
8
Suppose 169*h = 501*h - 9447392. What is the hundreds digit of h?
4
Suppose 2*v - 22 = -9*v. Suppose -3 - 1 = -2*f + v*o, -3 = -o. Suppose m = -2*m - 4*s + 419, m - 165 = f*s. What is the tens digit of m?
4
Suppose -34*t + 117432 = 8*t. What is the tens digit of t?
9
Suppose -5*q + 3*q - 3*a = -90, -2*q + 74 = -a. Let i = q + 240. What is the hundreds digit of i?
2
Let h be 6 + -3 - 0 - (3 + -793). Let n = h + -523. What is the units digit of n?
0
Suppose -21 = 61*s - 68*s. Suppose 4*d + 3074 = 3*l + s*d, 5*l - 5*d - 5140 = 0. What is the hundreds digit of l?
0
Suppose 3*h - 3*w = -24, -8 = 2*h + 3*w - 2. Suppose 11*v - 4*z = 8*v - 103, 5*v = -5*z - 160. What is the units digit of (-190)/h*v/(-11)?
5
Let i(l) be the third derivative of l**4/4 + 31*l**3/6 + 2*l**2. Let u be (-105)/((-42)/(-2)) - (-15 + 1). What is the tens digit of i(u)?
8
Suppose -272*i - 24 = -276*i. What is the units digit of (5352/18)/(4/i)?
6
Suppose -2*l = -3*a - 2927, -3*l + 4*a - 2934 = -5*l. Suppose -53*x = -58*x + l. Suppose 4*f - 1321 + x = 0. What is the units digit of f?
7
Let x = 10 + 34. What is the hundreds digit of 1257/2 + (-22)/x?
6
Suppose -4*h - 4*a = -116, h - 2*a + 20 = 49. Suppose 3796 = h*u - 25*u. What is the tens digit of u?
4
Let z = 4900 + -2934. Let y = z - 1024. What is the hundreds digit of y?
9
Let u(j) be the first derivative of j**4/4 - 3*j**2 - 2*j + 44. What is the units digit of u(6)?
8
Let x(i) = 5*i**2 - 37*i + 142. Let k be x(8). Let y = 4 + -2. Suppose 0 = 3*m, -2*g + y*m + 0*m + k = 0. What is the units digit of g?
3
Let t = 2627 + -1052. Suppose 91 = 4*g - h, -12*g = -14*g + 3*h + 43. Suppose 8*j + t = g*j. What is the tens digit of j?
0
Let z = -9220 - -13358. What is the hundreds digit of z?
1
Suppose 0 = -7*h + 21*h - 3501 - 22161. What is the tens digit of h?
3
Let t be 7290/(-35) - 6/(-21). Let c = -125 - t. What is the units digit of c?
3
Let u = -145 - -122. Let v(d) = -d**3 - 23*d**2 - 5*d + 57. What is the hundreds digit of v(u)?
1
Let q(r) = 61*r**2 - 3. Suppose 4*d = 10*m - 7*m - 6, -4*m + 5*d = -8. What is the hundreds digit of q(m)?
2
Let m(i) = i**3 + 5*i**2 + i - 43. Let r be m(-13). Let a = r + 2862. What is the units digit of a?
4
Let w = -48 - 334. Let d = w - -1369. What is the hundreds digit of d?
9
Suppose 3*x - 21 = -3*o, 4 + 8 = 4*x - 4*o. Suppose m = 2*s + 331, 6*m - x*s - 328 = 5*m. What is the units digit of m?
3
Let b(k) = 46*k**2 + 62*k**2 + 4 - 3*k - 5*k + 10*k. What is the units digit of b(-2)?
2
Let t(y) = y**3 - 13*y**2 - 62*y + 31. Let c be (1 - 3)/(5/95*-2). What is the hundreds digit of t(c)?
0
Suppose 0 = 2*o + 2, 5 = 4*b - 4*o - 11. Suppose h = -5*z - 4 + 5, -b*z + 4 = 4*h. What is the units digit of h*(-665)/(-14)*(-4)/(-5)?
8
Suppose 0 = 2*m + 2*w - 66, 4*w + 15 = 23. Suppose m*g = 13559 + 19859. What is the units digit of g?
8
Let z(l) = l**3 + 15*l**2 + 30*l + 23921. What is the hundreds digit of z(0)?
9
Suppose 2*l - 12212 = -5*f, -530*l + 534*l - 24448 = 2*f. What is the thousands digit of l?
6
Let r(u) = -3*u**3 - 24*u**2 + 13*u + 8. Let p be r(-17). Suppose 14*n - 4*n = p. What is the units digit of n?
9
Suppose 0 = 53*c - 60*c + 14. Let t(y) = 42*y**3 - y**2 + 3*y - 3. What is the hundreds digit of t(c)?
3
Let m(p) = 4*p**2 + 67*p + 21187. What is the thousands digit of m(0)?
1
Let q(x) = 13*x - 146. Let c be q(31). Suppose 0 = -5*n + 2*d + 5435, 2*n + 2*d + c = 2445. What is the units digit of n?
9
Suppose 0 = 141*u - 383898 - 2066823. What is the ten thousands digit of u?
1
Let t be 2 - (12/(-10))/(14/70). Suppose -s - 2*d = -3, -t*d - 15 = -3*s - 12*d. What is the units digit of s?
9
Let a(z) = z**3 + z**2 - 12*z - 10. Let m be a(-4). Let t be 6*m/15 + 8. Suppose 0*s - t*s = 5*h - 283, 3 = -3*h. What is the tens digit of s?
7
Let c(m) = -56*m + 197. Let x be c(-12). Suppose -5*q + x = -4701. What is the units digit of q?
4
Suppose 149*t + 5 = 148*t. Let q(x) = -x**3 - 3*x**2 - 6*x - 18. What is the tens digit of q(t)?
6
Suppose 0 = -26*f + 261247 + 166479. What is the tens digit of f?
5
Suppose -13*r + 12189 = -536 - 938. What is the thousands digit of r?
1
Let p = 16538 - 5688. What is the tens digit of p?
5
Suppose -2*s + 633 = -5*s. Let q = 617 + s. Suppose -3*l - b = -588, 4*l - 1191 = -b - q. What is the tens digit of l?
9
Suppose -c - 5*v = 295, -20 = 5*c + v + 1527. Let p = c - -2006. What is the hundreds digit of 